d be 10*(h/4)/(-1). What is the highest common factor of d and 30?
15
Let j(q) = -q**3 - q**2 + 3*q + 3. Let v be j(-5). Suppose -32 = g - v. Let p = 6 - -1. What is the highest common divisor of p and g?
7
Let j be (-4)/(-4)*3 - (1 - 22). Calculate the highest common factor of j and 18.
6
Suppose p + x = 8, 6*p - 5*p - 18 = -3*x. What is the greatest common divisor of 9 and p?
3
Let u(a) = -a**3 - a**2 - 4*a - 3. Let h be u(-2). Let t be (3/h)/(1/21). What is the greatest common divisor of t and 49?
7
Let u(g) = -6*g**2 - g - 1. Let y be u(-1). Let t = 13 + y. Calculate the greatest common factor of t and 56.
7
Let j(n) = 2*n**2 - 5*n + 6. Let z be j(4). What is the highest common factor of z and 18?
18
Suppose -3*w = -7*w + 64. Calculate the greatest common divisor of 48 and w.
16
Let y be ((-59)/(-2))/(3/6). Let u = y - 32. What is the greatest common divisor of u and 9?
9
Suppose 2*q + q = 75. Suppose 8*s + 2*a = 3*s + q, -4*a + 17 = -s. Calculate the highest common divisor of 12 and s.
3
Suppose 0 = 4*q - 549 - 395. Let s be (1 + -2)*1*-164. Suppose 5*w - q = s. What is the highest common factor of w and 10?
10
Suppose -111*f + 96 = -87*f. Let r(i) = i + 2. Let c be r(-6). Let h = c - -6. Calculate the highest common factor of h and f.
2
Suppose -4*v + 25 = -23. What is the greatest common divisor of 84 and v?
12
Let g(j) = -9*j + 113. Let k be g(11). Calculate the highest common divisor of k and 28.
14
Let k = 448 - 308. Suppose -6*w = -w - k. What is the greatest common divisor of 42 and w?
14
Suppose 0 = 5*s - 20, -3*r + s + 15 = -530. Let u = r - 92. Let n be (0 - 1/2)*-26. What is the highest common factor of u and n?
13
Suppose 3*s - 10 = -4*q, q + 1 = -s + 4*q. Suppose -5*t + t + 112 = 0. Let g be s + t + 0/(-2). Calculate the highest common factor of 20 and g.
10
Let v = -46 + 77. Suppose 4*y = 3*z, 4*z - v + 9 = -2*y. Let u be -2 - (-231*1)/y. Calculate the highest common divisor of 50 and u.
25
Let t(r) = -r - 5*r - 6*r. Let x be t(-4). Let l be ((-115)/(-15) - -3)*3. What is the greatest common divisor of x and l?
16
Let z = 1 + 2. Suppose 0 = -t + 5*t - 108. Suppose 5*n = 4*s - 21 - t, -3*n = 0. What is the greatest common factor of s and z?
3
Let g be (-1 + 19)/(-3)*-2. Suppose -7*i = -6*i - 3. What is the highest common factor of i and g?
3
Let j = -9 + 29. What is the greatest common divisor of j and 140?
20
Let m be (-8)/44 + (-156)/(-11). Calculate the greatest common divisor of 112 and m.
14
Let c be ((-14)/(-35))/((-1)/(-180)). Calculate the greatest common factor of 9 and c.
9
Suppose -94 = 3*j - d + 85, 0 = 5*d - 10. Let g = j + 83. Let a be (154/(-63))/(-11) + (-1076)/(-18). Calculate the greatest common divisor of g and a.
12
Let q(f) = -f + 5. Let w be q(4). Suppose 2*u = -4*r - 4, 5*r - u - 6 = 3. Calculate the greatest common factor of r and w.
1
Suppose -6*v + 3*v = -3*i + 54, 0 = -i + 5*v + 38. Calculate the highest common divisor of 52 and i.
13
Let n = 44 + -17. Suppose 0 = 4*g + 15 + 41. Let o = 32 + g. Calculate the greatest common divisor of o and n.
9
Let s be (-6)/14 + 266/49 + 3. Calculate the greatest common factor of 40 and s.
8
Let w(i) = i**3 - 7*i**2 - 10*i - 2. Let j be w(8). Let p be (-4)/j - (-1166)/18. Let r = 91 - p. Calculate the greatest common factor of r and 208.
26
Let h(p) = -215*p**3 + 1. Let q be h(-1). Calculate the greatest common factor of 24 and q.
24
Let v = -9 + 26. Let j = 36 - v. Let f = j + 141. Calculate the highest common divisor of 20 and f.
20
Let f = -17 - -27. Calculate the highest common divisor of 25 and f.
5
Let l(o) = 84*o - 3. Suppose -2*s + 7 = 3. Let w be l(s). Suppose -q - 11 = -2*r + 22, 4*q = -4*r + 48. Calculate the highest common factor of r and w.
15
Let j = 38 - 23. Calculate the greatest common divisor of j and 165.
15
Suppose -b = 1 - 4. Let k(y) = y**3 + 6*y**2 + y - 4. Let x be k(-4). Suppose x = -0*a + 2*a. Calculate the greatest common divisor of a and b.
3
Let y(f) = 17*f - 18. Let h be (6/(-15))/((-4)/60). Let q be y(h). Suppose -3*t = -38 + 2. What is the greatest common factor of t and q?
12
Let j be (-1)/((-2)/(-13))*-6. Let z = j + -93. Let q = z + 129. What is the greatest common factor of 15 and q?
15
Let p(s) = -s**3 + 3*s**2 + 5*s + 1. Let o be p(4). What is the highest common factor of 45 and o?
5
Let n be ((-9)/(-3) - -3) + -1. Suppose -t + 3*t = 2, -5*c + n*t = -15. What is the highest common divisor of c and 32?
4
Let q(p) = p**3 - p. Let n be q(-1). Suppose n*z - 5*g + 261 = 4*z, z - 3*g = 61. Calculate the highest common factor of z and 8.
8
Let l(z) = -z**2 - z + 60. Let h(w) = -w + 1. Let b be h(1). Let r be l(b). Calculate the greatest common divisor of r and 24.
12
Suppose 4*c - 20 = -4*w, -c + 3*w - 2*w - 1 = 0. Suppose -5*g = -c*o - 28 - 174, -5*o + 20 = 0. What is the highest common factor of 6 and g?
6
Let y = -57 - -91. What is the greatest common divisor of y and 238?
34
Let b(o) = o - 16. Let k be b(0). Suppose -74 = -4*d + 46. Let v be k/6*d/(-8). What is the greatest common divisor of v and 5?
5
Let d be (32 - (-6 - -3)) + 3 + -2. Calculate the greatest common divisor of 18 and d.
18
Suppose -15 = 5*o - 55. Let w(a) = o - 24*a - 8. Let h be w(-1). Calculate the highest common divisor of 12 and h.
12
Let t be (-8)/(-36) - (-2228)/18. Suppose -4*p + c = -336, 2*p - t = -c + 50. Calculate the greatest common factor of p and 34.
17
Let i be 1*3*(-2)/3. Let n(d) = 10*d**2 - 1. Let s be n(i). Let y = s - 26. What is the greatest common divisor of 26 and y?
13
Let i be 14 - ((-8)/2 + 7). What is the greatest common factor of i and 33?
11
Let u be (-30)/(-9)*3/2. Let a be 2 - u/(15/(-162)). Suppose -k + s + 16 = 3*s, -4*k + 48 = 4*s. Calculate the greatest common divisor of k and a.
8
Let p be (2 + (-6)/9)*6. Calculate the greatest common divisor of p and 64.
8
Let x(g) = -g + 22. Let d be x(6). Calculate the greatest common divisor of 32 and d.
16
Suppose 18 = 4*l - 246. Calculate the highest common divisor of 6 and l.
6
Let p(h) = 106*h**2 - 6*h + 5. Let o(v) = -v**2 + v - 1. Let r(m) = 6*o(m) + p(m). Let g be r(1). What is the highest common divisor of g and 11?
11
Suppose 4*r - r = 48. What is the highest common factor of r and 48?
16
Suppose -4*l + 5*c - 5 = 0, 2*l - 2*c = -0*c. Suppose -l*m = -4 - 26. Calculate the highest common factor of 2 and m.
2
Let h be 86/3 + (-6)/9. What is the highest common factor of h and 196?
28
Let d(i) be the second derivative of -i**3/6 - i. Let l be d(-5). Calculate the highest common divisor of l and 1.
1
Let v = 8 - 2. Suppose v*w = 2*w + 24. Calculate the highest common divisor of 15 and w.
3
Let q(h) = -h + 3. Suppose 3*k + 29 = v, 2*v + 2*v + 20 = -5*k. Let z be q(k). Let b = 3 - -41. What is the greatest common divisor of b and z?
11
Suppose -3*g + j = -57, -g + j = -3*j - 30. What is the greatest common divisor of g and 126?
18
Suppose -2*l + 212 = 5*d, -6*l + l + 488 = 2*d. Calculate the highest common factor of 24 and l.
24
Let i(m) = 2*m**2 - 16*m - 17. Let v be (18 - 0)*8/12. Let s be i(v). Suppose 0 = -2*j + 2, -x + j = -j - s. What is the highest common divisor of 9 and x?
9
Suppose -4*m + 7*u + 216 = 3*u, 0 = -4*m - 2*u + 192. What is the greatest common divisor of m and 20?
10
Suppose -3*n - 5*c - 74 = 0, -4*n - 112 = n - 3*c. Let g = n + 41. Let k = 24 + -18. What is the greatest common factor of g and k?
6
Let j(k) = -k**2 + 6*k - 4 - 2*k - 2*k + 5*k. Let r be j(3). Let g(b) = b**3 + 5*b**2 + 2*b. Let s be g(-2). Calculate the highest common factor of r and s.
8
Suppose 4*q - 247 = 5*f, -317 = -3*q - 2*q - 2*f. Calculate the highest common factor of 18 and q.
9
Let p(f) = -f - 9. Let a be p(-21). What is the greatest common factor of a and 300?
12
Suppose 3*v + d = 1 - 2, 0 = 4*v - 3*d - 3. Let a = 35 + v. What is the highest common factor of 5 and a?
5
Let y be 1/(2/(-8))*-1. Let r(p) = -51*p + 2. Let n be r(1). Let z = -29 - n. What is the highest common divisor of y and z?
4
Let u = 17 - -133. Let o = u - 105. Calculate the greatest common factor of 5 and o.
5
Let o be 94/10 + 10/(-25). Let c = 31 + -13. What is the greatest common divisor of o and c?
9
Let v(d) = -d**3 + 6*d**2 - 5*d - 4. Let r be v(4). Let u be 3 + 1 + 0/3. Calculate the greatest common factor of u 